Let g(o) = -5*o**2 - 29*o - 79. Let m(u) = -4*g(u) + 22*s(u). Give m(-7).
0
Let u(q) be the second derivative of q**5/4 + q**4/6 - q**3/3 - 3*q**2/2 + 5*q - 4. What is u(-2)?
-31
Let x(q) = 3*q - 5. Suppose -4*r - 6*h = -3*h + 3, 12 = r + 5*h. Determine x(r).
-14
Let q = 34 - 32. Let a(f) = f**3 + 4*f**2 - 2*f + 4. Let c(l) = -5*l**3 - 16*l**2 + 8*l - 17. Suppose 5*w = -0*w + 10. Let u(b) = w*c(b) + 9*a(b). Give u(q).
6
Let k(u) = -1 - 2 + 0*u - u. Suppose -4*z + 3*y = -6, -2*z - 10 = 2*y + 8. What is k(z)?
0
Let i(k) = -3*k - 2. Let g be i(-2). Let o(q) = g - 4 - q + 218*q**2 - 227*q**2. Calculate o(1).
-10
Let j(v) = -109*v - 108*v + 216*v + 6. Determine j(9).
-3
Let r(c) = c + 8. Let i be -8 - (-658)/77 - (-34)/(-22). What is r(i)?
7
Let u(r) = -18*r**3 + 9*r**3 + r**2 + 8*r**3 - r. What is u(1)?
-1
Suppose 5*g - 3 = 2*u, 0 = -5*u - 9*g + 10*g + 27. Let q = -5 + 8. Let b(k) = -2*k + 3 - q. Give b(u).
-12
Let z(b) = -b**2 + 9*b - 14. Let s be z(6). Suppose 21 = 5*v - s*k, v + 15 = 4*v - 3*k. Let i(g) = -10 + 4*g + 4 + v + 4. What is i(2)?
7
Let p = -716 + 721. Let z(t) = -t + 6. What is z(p)?
1
Let g(x) = -x**2 + 17*x + 18. Let j = 1618 - 1600. Give g(j).
0
Let q = 6 + 4. Let p(g) = 17*g + g - q*g + 1. Give p(2).
17
Let l = 21 - 14. Let o(i) = -i**2 + 8*i + 8. Let n be o(l). Let a(w) = -2 + n*w - 7*w - 7*w. Calculate a(5).
3
Let z(m) = -10*m**2 + 21*m - 13. Let n be z(2). Let l(s) = 2*s**2 + 21*s - 4. Determine l(n).
7
Let w be 2/9 + 10/(-45). Suppose -s + 5 + 2 = w. Let z = s + -7. Let a(n) = n**2 + n + 6. Determine a(z).
6
Let x(w) = -2*w - 14. Let t(d) = -9*d - 54. Let y(a) = 4*t(a) - 15*x(a). Calculate y(5).
-36
Let r(a) = a**3 - 6*a**2 - 7*a + 2. Let d(u) = 1. Let y(x) = 2. Let q(l) = d(l) - y(l). Let z(c) = 2*q(c) + r(c). Let b = 20 - 13. Calculate z(b).
0
Let j(o) = -9*o**3 - o - 1. Suppose 4*w - 30 - 11 = -m, -4*w = -2*m + 22. Suppose p = -3*p + 5*b + m, 5*p = -b - 10. What is j(p)?
9
Let u(y) = -1 - 3 - 202*y + 104*y + 100*y. Let k(c) = -4*c - 1. Let v be k(-1). What is u(v)?
2
Let m(h) be the third derivative of h**6/120 - h**5/20 - h**4/12 + h**3/3 + 210*h**2 + 1. Let g be (-3)/15 - 16/(-5). Give m(g).
-4
Let u = 237/7 + -28433/840. Let b(r) be the third derivative of -1/12*r**5 + 0 - 2/3*r**3 + 1/6*r**4 - u*r**6 + 0*r + 6*r**2. Give b(-6).
8
Let k(c) = c**3 - 2*c**2 + 1. Let x be k(1). Suppose -3*g = -x*g + 21. Let b(l) = -20*l + 2. Let r(z) = 17*z. Let v(n) = 5*b(n) + 6*r(n). What is v(g)?
-4
Let i(j) = -j - 7. Let d(r) = -7*r + 0 - 1 + 0 - 3. Let b be d(-2). Suppose -b*v - 25 = -5*v. Determine i(v).
-2
Suppose 0*g + 18 = q + 3*g, -5*q + 54 = -3*g. Let m = q + -8. Let u(s) = 374 + s**3 - s + 0*s**3 - 374 - 3*s**2. Determine u(m).
12
Let g = 5 + -4. Let a(c) = -4*c + 2*c + 1 - 2*c**2 + 0. Calculate a(g).
-3
Let y(z) = -z**3 - 2*z**2 + 2*z + 3. Let m(v) be the second derivative of -v**4/12 - v**3/6 + v**2/2 + v. Let x(f) = 2*m(f) + y(f). Determine x(-4).
5
Let s(o) = 3*o**3 - 15*o**2 - 5*o - 11. Let p(j) = j**3 - 7*j**2 - 3*j - 5. Let d(g) = -5*p(g) + 2*s(g). Give d(-4).
-1
Let c(z) = 4*z - 71*z**2 + 3*z**3 + 2*z - 2*z**3 + 1 + 78*z**2. Give c(-6).
1
Let p(w) be the third derivative of w**4/24 + 3*w**3/2 + 58*w**2. What is p(0)?
9
Let r(h) = 3*h**2 - 2 - 3*h - 2*h**3 - 5*h**2 - h**2. Let f = 21 - -17. Let m = f + -40. What is r(m)?
8
Let d = -3 + 1. Let c = -6 + d. Let v(h) = -h**2 - 8*h + 7. Determine v(c).
7
Let g(x) be the third derivative of -x**5/60 + 3*x**4/8 - 2*x**3/3 - 371*x**2. Suppose -a + 18 = a. What is g(a)?
-4
Let p(c) = -11*c**2 - 1. Let z be 2 + (3/(-4) - 7/(-4)). Suppose v - 2*f + 7 = 0, 2 = -2*v - z*v - f. Give p(v).
-12
Let d(q) be the third derivative of 0*q - 1/2*q**3 + 1/12*q**4 + 0 - 6*q**2. Determine d(3).
3
Suppose 21 = -818*l + 811*l. Let j(z) = 2*z - 1. Determine j(l).
-7
Let f(y) = y**2 + 16*y + 22. Let n be 3*(3 - 174/18) + 5. Give f(n).
7
Let u(o) be the first derivative of o**5/20 + o**4/12 + 7*o**2/2 - 28*o + 21. Let y(l) be the first derivative of u(l). Give y(0).
7
Let b(v) = -3*v - 6*v + 7*v + 11 + 4*v. Determine b(11).
33
Let k(h) = h**3 + 8*h**2 + 5*h + 4. Let y be 5/(-1*40/48). Calculate k(y).
46
Let m(i) = -i**2 + 1. Let a = -14 + 13. Let w be (1 - (-1 + 4))*a. Suppose w*n = -3*n + 5. What is m(n)?
0
Let z = 34 - 40. Let o(b) = -b**3 - 6*b**2 - 3. Determine o(z).
-3
Let g(a) = -2*a**2 + 5*a + 7. Let x be 13 - (12 - 5) - (2 - 1). Calculate g(x).
-18
Let u(n) = 6 + 4 + 0 - 20 - n. Determine u(-13).
3
Suppose 0 = 8*k - 96 + 32. Let p(g) = -k*g + 2 + 169*g**2 - 168*g**2 + 7. Let u(w) = 2*w - 16. Let a be u(12). Determine p(a).
9
Let w be 4 + -9 + 1 + -1 - 5. Let u(g) = -g**3 - 10*g**2 + 2*g + 12. Give u(w).
-8
Let r = 106 + -82. Let i be (3/(-2))/(r/(-16)). Let g(n) = 8*n**2 + 2*n - 1. Determine g(i).
9
Let j = -790 + 795. Let t(p) be the second derivative of -p**3/3 + 5*p**2/2 - p. Give t(j).
-5
Let c = 14 + -10. Suppose c*y - 5 = 3*y. Let q(z) = 4*z - 6. Let u(w) = -5*w + 7. Let g(s) = 3*q(s) + 2*u(s). What is g(y)?
6
Let s = -299 - -299. Let w(o) = -3*o + 4. What is w(s)?
4
Let u(j) be the second derivative of 0 + 9*j - 1/12*j**4 + 1/2*j**2 - 1/6*j**3 - 3/4*j**5. Give u(1).
-16
Let u be (2 - 1)*(-30)/(-5). Let g(a) = -a**2 + 10*a + 9. Let i(r) = 2*r**2 - 21*r - 20. Let s(w) = -5*g(w) - 2*i(w). Calculate s(u).
-17
Let a(k) = -95*k**2 - 3 + 94*k**2 - 5*k - 2*k. Let y be ((-36)/16)/((-3)/(-8)). Let l = 1 + y. Give a(l).
7
Let t = 29 - 27. Suppose w + 3 = -a, 5*w + 0*a + 6 = -t*a. Let m be (w + (-4 - -4))/(-1). Let c(d) = d**3 + 5. Calculate c(m).
5
Let t(y) = -y**3 + 4*y + 172*y**2 + 0*y**3 - 164*y**2. Calculate t(8).
32
Let g(o) = -o**2 + 4*o - 1. Let u(b) = -b**2 + 5*b + 2. Let h be u(7). Let q = h - -18. What is g(q)?
-13
Let r(s) be the first derivative of -7*s**2/2 + s + 724. Suppose 0*h = -4*h. Let t = h - -1. Determine r(t).
-6
Suppose 2*j - 6 = -2. Let q(v) = 3 - 3 + 0*v**j - 6 - 7*v - v**2. Let i be q(-3). Let r(o) = o - 2. What is r(i)?
4
Let v be 1 + 2 + 1 + 0. Suppose -v*q - 4 = -0*q. Let d(n) = 7*n + 1 - 4*n - 2. What is d(q)?
-4
Let j(u) be the first derivative of -1/3*u**3 + 21*u - 40 + 1/2*u**2. Calculate j(0).
21
Let r(c) = c**2 + c + 18. Let d(y) = -5*y + 90. Let u be d(18). Give r(u).
18
Let w(t) = 3 + t**2 + 4*t**2 + 6*t - 6*t**2. Let y(q) = -1. Let h(c) = -w(c) - 5*y(c). Suppose 2*j - 6 - 8 = -4*n, j = -1. Give h(n).
-6
Let i(x) = 4*x + 1. Let g(d) = -d**3 - 9*d**2 - 9*d - 6. Suppose -15 = -2*y - 3*y. Suppose -52 = 4*z + 4*k, z = 5*z - y*k + 17. Let l be g(z). Calculate i(l).
9
Let a be (6/4 - 2)*104. Let l = 50 + a. Let t(z) = 3*z**2 - 2. Let g(m) = 8*m**2 - m - 7. Let r(v) = -2*g(v) + 7*t(v). What is r(l)?
16
Suppose 0 = -6*u + 3*u + 15, 5*k + u = 30. Let s(q) = -2*q + 1. Calculate s(k).
-9
Let x(n) = -n - 2. Let o = 5 - -20. Suppose 2*z + 3*z = o. Give x(z).
-7
Let v = 0 + -1. Let z = v + -5. Let s(j) be the first derivative of -j**3/3 - 3*j**2 + 6*j - 841. What is s(z)?
6
Let a(k) = 5. Let z(p) = p + 5. Let j(f) = 4*a(f) - 3*z(f). Give j(-3).
14
Let j(s) = 173*s + 22 - 179*s - 63 + s**2. Give j(10).
-1
Let i(l) be the third derivative of -l**4/24 + l**2. Let w = -3400 + 3393. What is i(w)?
7
Suppose 3*r - 4*d + 51 = -8*d, 2*r = -d - 34. Let i = 18 + r. Suppose 4*q = -z + i - 7, -4*q = -3*z + 30. Let n(o) = -2*o + 2. Determine n(z).
-10
Let u(i) = -i**3 + 7*i**2 + 7*i + 11. Let k be -3*(6 + (-52)/6). Give u(k).
3
Suppose 38*q = 44*q. Let x(j) be the third derivative of -5*j**2 + 0*j + q + 1/8*j**4 - 1/6*j**3. Determine x(-2).
-7
Let b = -2 - -7. Let a(l) = -l + 2. Let i(c) = -c**3 + 5*c**2 - 6*c + 17. Let w(d) = 5*a(d) - i(d). Give w(b).
-2
Let l(i) = -i**2 - 5*i. Let s be 1/3 - 2*(-25)/30. Suppose -3*d + 4*p = 7, -d = d + s*p + 14. Determine l(d).
0
Let f(q) = q**3 - q**2 - 2. Let r be f(2). Let d(l) = 16*l. Let k(v) = -11*v. Let p(u) = -3*d(u) - 4*k(u). Calculate p(r).
-8
Let m(i) be the first derivative of 0*i**2 - 8 + 1/6*i**3 - 4*i. Let k(t) be the first derivative of m(t). Calculate k(3).
3
Let m(w) = 3*w**2 - 12*w - 6. Let l(y) = 2*y + 1. Let x(f) = 5*l(f) + m(f). Calculate x(-1).
4
Let r(c) = 790 + 7*c - 397 - 399 - c**2. Let y be 1/((-32)/(-10) - 3). What is r(y)?
4
Let m(h) = -h**3 - 26*h**2 + 32*h + 140. Let o be m(-27). Let g(p) = 8*p - 22. What is g(o)?
